(-9)?
18
Let p(o) = o**2 - 18*o - 80. Give p(-5).
35
Let a(k) = -k**3 + k**2 + k - 1. Give a(3).
-16
Let o(n) = -7*n + 1. What is o(1)?
-6
Let z(i) = -i**3 - 13*i**2 - 23*i - 25. Calculate z(-11).
-14
Let a(r) = 8*r - 6. Give a(3).
18
Let y(t) = -t**2 + 10*t - 2. Calculate y(8).
14
Let a(f) = -7*f**2 - 15*f + 2. Calculate a(3).
-106
Let n(q) = -17*q - 287. Calculate n(-17).
2
Let a(s) = -s**3 - 6*s**2 + 11*s + 4. Give a(-7).
-24
Let w(l) = 12*l - 16. Determine w(7).
68
Let h(p) = 3*p + 71. Give h(-22).
5
Let i(o) = 2*o - 6. Give i(-5).
-16
Let f(u) = -u**3 + 6*u**2 - 3*u - 16. Determine f(6).
-34
Let k(c) = 15*c + 15. What is k(-2)?
-15
Let b(f) = f**2 - 17*f - 2. What is b(18)?
16
Let y(w) = w**3 + 12*w**2 + 9*w - 21. What is y(-11)?
1
Let x(i) = 4*i + 41. Determine x(-6).
17
Let w(v) = -5*v + 9. Determine w(7).
-26
Let d(r) = r**3 - 16*r**2 + 14*r + 15. Give d(15).
0
Let s(t) = -t + 4. What is s(6)?
-2
Let l(w) = -3*w - 3. Calculate l(-1).
0
Let y(i) = -5*i - 1. Give y(-3).
14
Let j(g) = 10*g - 144. Determine j(14).
-4
Let y(n) = n**3 - 19*n**2 + n - 14. Determine y(19).
5
Let i(a) = -36*a**2 + 7*a + 7. Calculate i(-1).
-36
Let m(i) = i**3 - 10*i**2 + 9*i + 6. What is m(9)?
6
Let a(o) = o**2 - 52*o - 626. What is a(-10)?
-6
Let y(c) = -2*c + 10. Calculate y(4).
2
Let o(s) = 2*s + 2. Determine o(-4).
-6
Let w(q) = q**2 + 24*q - 262. What is w(-32)?
-6
Let m(z) = -4*z + 6. Give m(9).
-30
Let r(w) = -22*w**2 + 5*w - 4. What is r(1)?
-21
Let i(y) = 2*y + 4. Give i(-2).
0
Let c(l) = -l**3 - 2*l**2 - l + 29. Calculate c(0).
29
Let q(s) = s**2 + 13*s + 26. Determine q(-4).
-10
Let y(x) = -4*x - 128. Give y(-31).
-4
Let y(b) = -b**2 + 12*b - 21. Determine y(13).
-34
Let f(v) = v**3 - 6*v**2 - 12*v + 89. Give f(5).
4
Let d(k) = k**3 - 2*k**2 - 2*k + 4. Give d(4).
28
Let l(a) = a + 1. Give l(0).
1
Let h(q) = q**3 - 2*q**2 + 2*q - 38. What is h(0)?
-38
Let y(r) = -r**3 + 8*r**2 - 6*r - 10. Determine y(7).
-3
Let z(c) = c**3 - 6*c**2 - 4*c - 7. Calculate z(7).
14
Let n(v) = -v**3 + 2*v**2 + v - 1. Give n(3).
-7
Let s(w) = -w + 43. Determine s(26).
17
Let r(a) = a**2 + 2*a - 89. Determine r(-8).
-41
Let q(c) = -c**3 + 4*c**2 + 2*c + 3. Give q(4).
11
Let v(z) = -8*z + 75. Calculate v(6).
27
Let a(s) = -s**3 + 7*s**2 + 13*s - 10. What is a(9)?
-55
Let a(p) = -p**3 + 11*p**2 + p - 11. Calculate a(11).
0
Let q(b) = b**2 + b + 4. Determine q(3).
16
Let h(a) = a**3 - 52*a**2 + 279*a - 138. Calculate h(46).
0
Let u(s) = -s**3 - 7*s**2 - 3*s + 3. What is u(-7)?
24
Let v(b) = 8*b - 19. Calculate v(2).
-3
Let p(n) = -n - 11. Give p(-6).
-5
Let x(k) = -6*k**2 + k. Give x(-1).
-7
Let p(z) = z**3 - 5*z**2 + 3*z + 2. Determine p(4).
-2
Let w(p) = -39*p - 31. Calculate w(-5).
164
Let n(g) = g**3 + 4*g - 7. Give n(3).
32
Let q(v) = 9*v + 38. What is q(-6)?
-16
Let a(d) = d**2 + 6*d + 4. What is a(-4)?
-4
Let s(i) = -i**3 + 6*i**2 + 14*i - 3. Give s(8).
-19
Let a(s) = -34*s. Determine a(1).
-34
Let m(v) = -v**2 - v + 87. Calculate m(0).
87
Let v(g) = 5*g**2 + 26*g + 33. What is v(-4)?
9
Let d(a) = -a**3 - 3*a**2 - 5*a - 3. Determine d(-2).
3
Let w(a) = -a**2 + 13*a - 6. Give w(11).
16
Let r(i) = 4*i - 7. Calculate r(4).
9
Let u(k) = -k**3 - 23*k**2 + 18*k - 107. Calculate u(-24).
37
Let j(v) = 88*v - 519. What is j(6)?
9
Let t(a) = -2*a**2 + a - 2. What is t(3)?
-17
Let d(q) = -2*q**2 - 35*q + 16. Calculate d(-18).
-2
Let v(x) = -x**3 + 7*x**2 - 7*x + 5. Give v(5).
20
Let z(d) = 2*d**2 + 5*d - 2. Determine z(0).
-2
Let j(a) = a**3 - a**2 - 10*a - 3. What is j(4)?
5
Let a(g) = 27*g + 581. Determine a(-22).
-13
Let p(w) = -8*w**2 + 2*w. What is p(1)?
-6
Let l(f) = 19*f + 139. Calculate l(-7).
6
Let n(o) = 3*o + 28. What is n(-14)?
-14
Let f(p) = 21*p + 9. What is f(-1)?
-12
Let c(a) = 97*a + 579. Determine c(-6).
-3
Let u(v) = -v**2 - 28*v - 77. Determine u(-25).
-2
Let a(r) = 20*r - 92. Calculate a(6).
28
Let v(l) = -6*l - 42. Give v(-7).
0
Let k(n) = 2*n**2 + 30*n + 138. What is k(-7)?
26
Let z(i) = i**3 - 3*i**2 - 3*i + 8. Determine z(4).
12
Let b(f) = -f + 28. What is b(-6)?
34
Let o(i) = 17*i + 28. Calculate o(-4).
-40
Let r(s) = -26*s**3 - s**2 + 4*s - 3. Determine r(1).
-26
Let f(d) = -d**3 - 15*d**2 + 35*d + 12. Calculate f(-17).
-5
Let v(g) = -10*g + 17. Give v(6).
-43
Let o(i) = -i**3 + 2*i**2 + 16*i - 5. Give o(5).
0
Let r(n) = -n**3 - 2*n**2 - 5*n - 4. Calculate r(-3).
20
Let n(r) = -136*r - 129. Calculate n(-1).
7
Let h(j) = -j**3 + 6*j**2 + 8*j - 5. Determine h(6).
43
Let x(m) = -m**3 - 16*m**2 - 2*m - 32. What is x(-16)?
0
Let k(g) = 30*g - 184. What is k(6)?
-4
Let w(c) = c**2 + 5. Determine w(0).
5
Let d(v) = v**3 - 3*v**2 + 3*v - 5. Give d(2).
-3
Let l(y) = y - 29. Give l(9).
-20
Let v(q) = 3*q + 13. Calculate v(-5).
-2
Let h(o) = o**3 + 4*o**2 + 4*o + 10. Calculate h(-4).
-6
Let a(x) = x**3 - 15*x**2 - 17*x + 31. What is a(16)?
15
Let u(n) = n**3 + 4*n**2 + 4*n + 47. What is u(-5)?
2
Let c(u) = -u**2 - 7*u + 4. Give c(-8).
-4
Let w(f) = 6*f - 87. What is w(11)?
-21
Let b(p) = 9*p**2 + p - 17. Give b(4).
131
Let j(w) = w**2 - 10*w - 17. Determine j(11).
-6
Let l(m) = -5*m. What is l(2)?
-10
Let o(x) = -3*x + 32. Determine o(14).
-10
Let b(c) = 2*c + 20. Determine b(-9).
2
Let n(j) = -j + 5. Calculate n(10).
-5
Let n(t) = 6*t**2 - 39*t + 7. What is n(6)?
-11
Let z(p) = 3*p - 110. Determine z(33).
-11
Let k(c) = -c**2 + 8*c - 20. What is k(8)?
-20
Let s(k) = -3*k**2 - 48*k - 20. What is s(-15)?
25
Let r(j) = j**3 - 6*j**2 + 10. Give r(6).
10
Let h(g) = -3*g + 74. Calculate h(25).
-1
Let h(x) = -7*x + 64. Give h(8).
8
Let m(p) = -p**3 - 6*p**2 - 4*p + 2. What is m(-2)?
-6
Let r(m) = 106*m + 219. Give r(-2).
7
Let i(o) = -o**3 - 3*o**2 + 4*o. What is i(-4)?
0
Let d(p) = -7*p + 4. Determine d(0).
4
Let z(c) = -3*c - 1. Give z(-6).
17
Let p(s) = s**3 + 27*s**2 + 26*s + 38. Determine p(-26).
38
Let c(z) = 11*z + 34. Calculate c(-8).
-54
Let f(y) = 2*y**2 - 11*y + 13. Give f(4).
1
Let b(k) = -k**2 + k - 12. Give b(0).
-12
Let j(c) = c**2 + 3*c - 32. Calculate j(-7).
-4
Let l(f) = -f**3 + 9*f**2 - 4*f - 7. Calculate l(8).
25
Let h(k) = -13*k**2 - 3*k - 3. Give h(-2).
-49
Let p(o) = o**3 - 6*o**2 + 3*o - 36. Calculate p(6).
-18
Let t(d) = 19*d**2 + 1. Determine t(-2).
77
Let o(q) = -q**3 - 21*q**2 - 40*q - 38. Determine o(-19).
0
Let s(i) = -2*i - 96. Calculate s(0).
-96
Let f(t) = -t**2 - 9*t - 12. Calculate f(-7).
2
Let r(m) = -2*m**2 + 22*m + 14. What is r(11)?
14
Let o(y) = 62*y + 236. What is o(-4)?
-12
Let m(i) = -2*i**3 + 81*i**2 - 39*i - 44. Give m(40).
-4
Let u(m) = 2*m**3 - 20*m**2 + 8*m. Determine u(10).
80
Let f(i) = -5*i + 3. Give f(4).
-17
Let c(w) = -w**3 - 7*w**2 - 10*w + 2. What is c(-6)?
26
Let i(f) = f**2 - 2*f + 5. Calculate i(2).
5
Let w(c) = -c**3 + c**2 - c + 1. What is w(4)?
-51
Let z(w) = w**3 - 13*w**2 - 17*w + 5. Determine z(14).
-37
Let l(q) = -3*q. Determine l(-3).
9
Let g(p) = p**3 + 9*p**2 - 10*p - 8. What is g(-10)?
-8
Let c(u) = -u**2 + 5*u - 7. What is c(3)?
-1
Let c(z) = -z**2 - 7*z + 1. Calculate c(2).
-17
Let o(i) = -i**2 - 7*i + 1. Give o(-8).
-7
Let k(s) = s**2 - 4*s - 13. Calculate k(5).
-8
Let p(c) = -5*c + 33. Give p(6).
3
Let j(w) = w**3 - 4*w**2 - 8*w - 3. Calculate j(6).
21
Let m(f) = -3*f**2 + 5*f - 2. What is m(5)?
-52
Let s(m) = -96*m - 3. Calculate s(-1).
93
Let i(q) = -2*q + 7. Give i(-5).
17
Let j(x) = -x**3 + 11*x**2 - 30*x + 1. Give j(6).
1
Let h(c) = -2*c + 4. Give h(-14).
32
Let u(a) = -a**2 + 21*a - 27. Give u(20).
-7
Let u(q) = -q**2 - 9*q - 15. What is u(-4)?
5
Let t(n) = -n**3 + 7*n - 25. Give t(-5).
65
Let w(n) = -8*n**2 - 2*n - 15. Determine w(-3).
-81
Let h(j) = -j**3 - 8*j**2 - 2*j - 13. Determine h(-8).
3
Let g(z) = 6*z**3 - z**2 - z + 1. Determine g(1).
5
Let x(c) = c**2 - 24*c + 80. What is x(5)?
-15
Let q(g) = 4*g + 7. Determine q(-8).
-25
Let r(o) = -2*o + 17. Determine r(-5).
27
Let u(s) = 13*s - 41. Calculate u(3).
-2
Let h(q) = 4*q**3 - q**2 - q. Determine h(-1).
-4
Let b(k) = k**3 + 6*k**2 + k. What is b(-5)?
20
Let o(c) = -4*c - 3. Determine o(11).
-47
Let r(f) = -f**2 + 3*f - 2. Determine r(3).
-2
Let j(f) = -f**3 + 9*f**2 - 11*f + 2. Determine j(8).
-22
Let h(r) = r + 9. What is h(-7)?
2
Let s(w) = w**3 + 5*w**2 - 2*w + 6. Calculate s(-5).
16
Let j(q) = -5*q - 59. Give j(-10).
-9
Let d(